*3/6 - 2*g**2. Let p be k(11). Let i = 36 + p. What are the prime factors of i?
2, 5
Let q = 1840 + -795. What are the prime factors of q?
5, 11, 19
Let g = -3 - 3. Let i(a) = -9*a + 1. Let x be i(g). Suppose 5*o = -4*w + x, -2*o = 5*w - 55 + 16. What are the prime factors of o?
7
Let s = -57 + 259. Suppose p - 2*c = 55, 3*p - s = 4*c - 41. List the prime factors of p.
3, 17
Let s(i) = -3*i + 1. Let y(l) = -7*l + 2. Let g(j) = 9*s(j) - 4*y(j). Let p be g(2). Suppose o = 4*t - 16, -p*t - 2*t - o + 20 = 0. List the prime factors of t.
2
Let m(s) = 6*s + 10. Let k(u) = 7*u + 9. Let p(o) = -5*k(o) + 4*m(o). Let n be p(-3). Let r = 5 + n. What are the prime factors of r?
3, 11
Let c(m) = m. Let k(s) = 2*s + 1. Let b(x) = 4*c(x) + k(x). Suppose 2*n + 9 = 3*z, 0 = -z - 0*z + 5*n + 16. What are the prime factors of b(z)?
7
Suppose 2*b + 415 = 5*r, -10*b = -15*b. What are the prime factors of r?
83
Suppose 24*j = 19*j - 30. Let a(u) = -2*u - 1. List the prime factors of a(j).
11
Let f = -26 - -76. Let p = 2 + f. List the prime factors of p.
2, 13
Suppose -2*i + 1140 = 3*a, 8*a - 6*a = 2*i - 1120. List the prime factors of i.
2, 3, 47
Suppose 10619 - 112 = 7*c. What are the prime factors of c?
19, 79
Suppose 13*s - 15*s = -4. Suppose 178 - 676 = -s*w. List the prime factors of w.
3, 83
Let m = 1061 - 297. List the prime factors of m.
2, 191
Suppose 2*l + 31 = 3*g - 4, 5*l - 10 = g. Let p = g - 10. Suppose 75 = -p*b + 8*b. List the prime factors of b.
5
Suppose -2*f - 26 = -4*d, 9 = -d + 5*f + 2. Let y(u) = 2*u - 16. Let b(n) = -1. Let q(c) = -28*b(c) + 2*y(c). List the prime factors of q(d).
2, 7
Suppose 9*d = -23*d + 79328. List the prime factors of d.
37, 67
Suppose 3*s + 27 = 2*t, -t - 78 = -6*t - 3*s. Let p = t + -6. List the prime factors of p.
3
Suppose 6*l - 1133 = 3289. List the prime factors of l.
11, 67
Suppose 0 = 10*z - 6*z - 24. List the prime factors of -2*((-219)/z - 2).
7, 11
Let p(n) = 120*n**2 + 14*n + 12. What are the prime factors of p(-4)?
2, 7, 67
Let u(x) = -x**3 - 2*x**2 + 6*x + 1. Let o be u(-4). Suppose 5*j - o - 21 = 0. Suppose 0 = -a + j - 1. What are the prime factors of a?
5
Suppose -2319 = -3*g + 2*z, 11 = -z + 8. What are the prime factors of g?
3, 257
Let h(i) = 63*i - 67. List the prime factors of h(16).
941
Let j(g) be the first derivative of -11*g**4/2 + g**3/3 - g**2/2 - g + 9. List the prime factors of j(-2).
181
Let x = -2958 - -4643. What are the prime factors of x?
5, 337
Let f = -52 + 109. Let i = 114 - f. What are the prime factors of i?
3, 19
Let y be (3/(-6) - -1)*6. Let b = 110 - -12. Suppose y*v - b = -3*t + 46, 8 = -2*t. What are the prime factors of v?
2, 3, 5
Let b be 6/(-2) + (-26)/(6 + -8). List the prime factors of (1 - b)*123/9*-1.
3, 41
Let q(m) = 1. Let n(k) = k + 2. Let o(w) = n(w) + 4*q(w). Let c be o(-8). Let y = c - -6. What are the prime factors of y?
2
Suppose 0 = -29*x + 13873 + 15446. List the prime factors of x.
3, 337
Suppose 0 = -230*x + 221*x + 40320. List the prime factors of x.
2, 5, 7
Let f(k) = 2*k**2 + 3*k - 2. Let q be f(-3). Let b(c) = -c**3 + 7*c**2 + 10. List the prime factors of b(q).
2, 5
Let d(g) = -9*g**3 - 56*g**2 - 9*g - 9. What are the prime factors of d(-8)?
1087
Let b(r) = -r**3 + 23*r**2 + 3*r - 17. What are the prime factors of b(22)?
13, 41
Suppose -4809 = -37*r + 34*r. List the prime factors of r.
7, 229
Let u = 5 - -1. Suppose -92 = 4*x - u*x. Let l = x - 12. What are the prime factors of l?
2, 17
Let v(h) = 6*h**2 + 34*h + 50. Let k(i) = -i**2 - 7*i - 10. Let c(g) = -11*k(g) - 2*v(g). Let m be c(9). Suppose m*y - 43 = 9*y. List the prime factors of y.
43
Let f(u) = -19*u**2 - u - 5. Suppose 0*b + 2*t = -2*b - 12, 0 = 5*b - 3*t + 14. Let o be f(b). What are the prime factors of (o/20)/((-2)/8)?
61
Let f = -7341 - -10796. List the prime factors of f.
5, 691
Suppose -4*o - 18 = 18. Let t = o - -15. Suppose -5*w = -t - 84. List the prime factors of w.
2, 3
List the prime factors of 6700/(-2)*5/(160/(-16)).
5, 67
Suppose 31*l - 9014 = 3200. What are the prime factors of l?
2, 197
Suppose 2*n = -5*z + 9, 2*z - 3 = 2*n + 3*z. Let w(b) be the first derivative of b**3/3 + b**2 + 2. What are the prime factors of w(n)?
3
Let k = 1028 + -212. What are the prime factors of k?
2, 3, 17
Let h(x) = -x**2 - 1. Let y(s) be the first derivative of 2*s**3/3 + 2*s**2 - s + 6. Let j(c) = -5*h(c) - y(c). List the prime factors of j(-4).
2, 5, 7
Suppose -k + 8 = k. Suppose -140 = -k*q + 224. List the prime factors of q.
7, 13
Let p(x) = x**3 - x**2 - 7*x - 1. Let w be p(-3). List the prime factors of (212/w)/(3/(-12)).
53
Let n be ((-69)/15)/(3/(-15)). Suppose -103 - n = -2*a. List the prime factors of a.
3, 7
Suppose 8*a - 3 = 21. Suppose -2*s - x + 7 = 0, 0*x = 3*x + a. Suppose 2*o + s*c - 100 = 0, 2*c + 283 = 5*o + c. List the prime factors of o.
2, 7
Suppose 4*n = -o + 294, o - 269 = 2*n + 25. List the prime factors of o.
2, 3, 7
Let o = 11 - 3. Suppose 4*d - 7*p + o = -3*p, 2*d - 3*p = -9. Suppose 0 = -y + 3*x + 39, -2*y = -2*x + d*x - 71. What are the prime factors of y?
2, 3
Suppose 1534 = 2*s + 43*m - 45*m, 1544 = 2*s - 4*m. What are the prime factors of s?
2, 3, 127
Suppose -8*w = -4*w - 8. Suppose -w*g - g = -4*j + 3, -3*g + 3 = -2*j. Suppose -4*a + 2*p + 60 = 0, 40 = j*a - 3*p - p. What are the prime factors of a?
2
Let a(f) = -24*f - 1. Suppose -2*m + v - 3 = 0, -m - 21 = 3*m + v. List the prime factors of a(m).
5, 19
Suppose 33 = -0*f + 2*f - 3*r, 4*f = 5*r + 65. Let v(o) = -o**2 + 17*o + 17. What are the prime factors of v(f)?
47
Suppose 3*d + 5*g = 28, -4*g = -g + 12. Let w = d - 16. Suppose -5*r + 8*r - 69 = w. List the prime factors of r.
23
Suppose -10148 = -4*v - d, 4*v - 4*d + 10148 = 8*v. What are the prime factors of v?
43, 59
Let c be 144/(-9) - (-1 + 1). Let q(z) = -z**2 - 17*z - 11. Let b be q(c). Suppose -p + b*w + 28 = 0, -2*w - 32 = -2*p - p. What are the prime factors of p?
2
Suppose -14*p - 2*k = -10*p - 4354, 4*k - 3263 = -3*p. What are the prime factors of p?
3, 11
Let h(a) = a**3 + 15*a**2 + 9*a - 33. Let l be h(-14). Suppose z - 105 - l = 3*u, u = 5*z - 724. What are the prime factors of z?
5, 29
Suppose -b = 2*c + 3*b + 10, -2*c = 3*b + 6. Let v(q) = 11 - 4 + c*q - 10. List the prime factors of v(10).
3
Let i be ((-24)/(-18))/(2/(-129)). Let h = -58 - i. List the prime factors of h.
2, 7
Let s(w) = -94*w - 107. What are the prime factors of s(-11)?
3, 103
Let g(h) = -h**2 + 8*h + 4. Let b be g(6). Suppose -v = -4*i - i + 4, v = i. What are the prime factors of 3*v/(3/b)?
2
Suppose 2*x + 12 = -8. Let u = x - -66. What are the prime factors of u?
2, 7
Let r = 5 - 1. Suppose c - 51 = 2*q, r*q - 2 = -6. What are the prime factors of c?
7
Suppose 0 = z + 45 + 71. List the prime factors of (z/(-6))/(0 - (-7)/21).
2, 29
Suppose -4*m - 3*v = -1114 - 828, -3*v - 6 = 0. What are the prime factors of m?
487
Let u(z) = 5*z + 6. Let b be u(-5). Let a = 26 - -1. Let l = a + b. List the prime factors of l.
2
Suppose -3*f + 665 + 130 = 0. List the prime factors of f.
5, 53
Suppose 153 = -391*p + 392*p. List the prime factors of p.
3, 17
Suppose -1397 = -2*d + y, -5*d + 1956 = -y - 1541. List the prime factors of d.
2, 5, 7
Let d = 29 + -26. Suppose u = -r + 86, 2*r - 3*r + d*u + 86 = 0. List the prime factors of r.
2, 43
Suppose -20*a + 4192 = -4*a. List the prime factors of a.
2, 131
Suppose -4*p + 3*p - 2*l - 4 = 0, 0 = -p + 2*l + 12. Suppose 120 = 2*d - 4*m, p*d - m - 85 = 162. What are the prime factors of d?
2, 31
Suppose 5*l + c = -c + 15, -4*l - 5 = 5*c. Let s = 14 - l. Let a(u) = u**3 - 8*u**2 - 8*u + 5. What are the prime factors of a(s)?
2, 7
Let b = -13 - -15. Suppose y - r - 1 = -y, y = 3*r - b. Let c = 4 + y. List the prime factors of c.
5
Let z(o) = -o**3 - 17*o**2 - o - 3. Let y be (16/6)/((-10)/60). Let v = y + -1. What are the prime factors of z(v)?
2, 7
Suppose -268 = -4*l - 4*q - 0*q, 0 = 5*l - 4*q - 290. Let m = l + -107. Let j = 75 + m. What are the prime factors of j?
2, 3, 5
Let t be (-225)/(-6)*(1 + 2/(-6)). Let k = t + 46. List the prime factors of k.
71
Let s(j) = -j**2 - 2*j + 12. Let o = -8 - -8. What are the prime factors of s(o)?
2, 3
Let t(c) = -2*c - 51*c**2 - 47*c**2 + 39 + 97*c**2. What are the prime factors of t(0)?
3, 13
Let c(